common divisor of 274944 and 284252.
716
Calculate the highest common divisor of 451 and 3659854.
11
Calculate the highest common divisor of 573 and 3196784763.
573
What is the greatest common divisor of 365472 and 397728?
288
What is the highest common divisor of 7185675 and 1365?
105
What is the greatest common divisor of 417137 and 7595?
49
What is the highest common divisor of 51416 and 5584?
8
Calculate the highest common factor of 55 and 22420695.
55
What is the greatest common divisor of 7686533 and 578?
289
What is the highest common factor of 10599156 and 6751?
43
Calculate the greatest common divisor of 30544 and 1582146.
166
Calculate the greatest common factor of 366777 and 748284.
1473
What is the highest common factor of 699516 and 32143192?
8636
Calculate the greatest common factor of 5505 and 1232895.
15
What is the highest common divisor of 12028 and 6996416?
388
What is the greatest common factor of 1256943 and 12?
3
Calculate the highest common factor of 220942 and 656.
2
Calculate the greatest common divisor of 26666 and 52126.
134
Calculate the greatest common factor of 310147 and 414412.
331
What is the greatest common factor of 18565888 and 133?
19
What is the highest common factor of 49300 and 72250?
850
What is the highest common factor of 268437 and 125?
1
Calculate the greatest common divisor of 833 and 1584709.
49
What is the highest common divisor of 7888 and 72838285?
493
What is the highest common factor of 7476 and 214916310?
3738
What is the highest common factor of 16888497 and 34?
17
Calculate the greatest common divisor of 17331 and 4908489.
159
Calculate the highest common divisor of 2555148 and 29252.
284
What is the greatest common divisor of 46 and 2552563?
23
What is the highest common factor of 7770 and 47360?
370
What is the greatest common factor of 4142568 and 11256?
24
What is the greatest common factor of 11 and 260920033?
11
What is the highest common factor of 377 and 764527?
29
Calculate the highest common factor of 50826 and 194274.
258
What is the highest common divisor of 86254 and 27270?
202
Calculate the greatest common factor of 40012 and 3073.
7
Calculate the greatest common factor of 41006870 and 435.
145
What is the highest common divisor of 3916159 and 65?
13
What is the greatest common divisor of 5571 and 1481401323?
5571
Calculate the greatest common divisor of 302 and 224489435.
151
Calculate the greatest common factor of 53048724 and 72.
12
Calculate the highest common divisor of 923 and 53004056.
71
Calculate the greatest common factor of 887172 and 2652.
156
Calculate the highest common factor of 21648 and 20784.
48
What is the greatest common factor of 2340 and 266322498?
78
What is the highest common factor of 24910 and 7550?
10
What is the greatest common divisor of 57655272 and 228?
228
Calculate the greatest common factor of 323005 and 5.
5
What is the highest common divisor of 53523397 and 16237?
1249
Calculate the greatest common factor of 2423055 and 26130.
1005
Calculate the highest common divisor of 1084 and 84572.
4
What is the greatest common divisor of 2191 and 4136797?
7
Calculate the greatest common divisor of 1170 and 715456170.
1170
What is the greatest common factor of 743943 and 134221?
79
What is the highest common divisor of 26280716 and 17248?
308
Calculate the greatest common divisor of 102370149 and 15309.
567
What is the greatest common divisor of 17297790 and 18145?
95
Calculate the highest common divisor of 381689 and 51128.
77
Calculate the greatest common divisor of 2380 and 8977190.
170
What is the greatest common divisor of 609531 and 42783?
39
Calculate the highest common divisor of 22734 and 1117334.
842
What is the greatest common factor of 224 and 22604918?
14
What is the greatest common factor of 56489128 and 152?
152
What is the highest common divisor of 2680 and 14078710?
670
Calculate the greatest common divisor of 5585755 and 133537.
3257
Calculate the highest common factor of 142126700 and 6.
2
Calculate the greatest common factor of 53143175 and 182368.
5699
Calculate the greatest common divisor of 10 and 174821945.
5
What is the highest common factor of 1272357 and 252117?
981
Calculate the greatest common factor of 32 and 110507872.
32
Calculate the greatest common factor of 1924768 and 928.
32
Calculate the greatest common divisor of 216670 and 1898330.
470
Calculate the greatest common factor of 1261224 and 376.
8
What is the greatest common divisor of 36 and 58370796?
36
Calculate the highest common factor of 708 and 29511732.
12
What is the highest common divisor of 291911 and 322787?
83
What is the highest common divisor of 244087720 and 24?
8
What is the highest common factor of 242544 and 21600?
48
What is the highest common divisor of 546 and 4588626?
42
Calculate the highest common divisor of 280872 and 582.
6
Calculate the highest common factor of 331336 and 333992.
664
What is the highest common divisor of 2598 and 659026?
866
Calculate the greatest common divisor of 370260638 and 22.
22
Calculate the highest common factor of 12264 and 690648.
168
What is the greatest common factor of 12782 and 171446128?
1162
What is the highest common factor of 748710 and 126?
18
What is the greatest common factor of 116370 and 13905?
135
Calculate the highest common factor of 5650 and 585550.
50
What is the greatest common divisor of 699248 and 971036?
1276
Calculate the highest common divisor of 1595176 and 1496.
88
What is the highest common divisor of 41230 and 1628802?
434
What is the highest common factor of 118090415 and 969?
323
Calculate the highest common factor of 842520 and 82824.
2856
What is the greatest common factor of 353 and 3441931089?
353
Calculate the greatest common divisor of 32 and 18038064.
16
What is the highest common divisor of 11607492 and 22152?
156
Calculate the greatest common factor of 267 and 76035103.
89
What is the greatest common factor of 3860599 and 192623?
2713
Calculate the greatest common divisor of 5890372 and 6700.
268
Calculate the greatest common divisor of 110348 and 13111224.
196
Calculate the highest common factor of 2510 and 40634390.
2510
Calculate the highest common factor of 434393 and 64450.
1289
Calculate the greatest common divisor of 388814517 and 138.
69
What is the greatest common factor of 367284729 and 7126?
3563
What is the greatest common factor of 3067399 and 2785?
557
Calculate the greatest common factor of 107858820 and 340.
20
Calculate the greatest common divisor of 1401441 and 48.
3
Calculate the greatest common divisor of 28572 and 394524.
12
Calculate the highest common factor of 37211 and 1465000.
293
Calculate the greatest common divisor of 135863 and 26.
13
Calculate the highest common divisor of 37 and 11518581.
37
Calculate the greatest common divisor of 176 and 29822804.
44
What is the greatest common factor of 66861666 and 972?
54
Calculate the greatest common divisor of 5070333 and 18927.
2103
What is the greatest common factor of 233704 and 9767360?
1048
What is the greatest common divisor of 87026 and 3178091?
821
Calculate the highest common factor of 146969 and 28991.
53
Calculate the highest common factor of 232 and 8226952.
232
What is the greatest common factor of 26 and 1706289?
13
What is the greatest common divisor of 16 and 9229072?
16
What is the greatest common divisor of 6118981 and 649?
11
What is the highest common divisor of 1675 and 2091405?
335
What is the greatest common factor of 791 and 194419099?
791
Calculate the greatest common factor of 10726 and 11842.
62
Calculate the highest common divisor of 874 and 4506781.
437
What is the highest common factor of 6 and 5146214?
2
What is the highest common factor of 104220 and 110700?
540
Calculate the greatest common factor of 997310 and 16936.
58
Calculate the highest common factor of 667930 and 8600581.
3929
Calculate the highest common factor of 4926 and 26658.
6
Calculate the greatest common divisor of 96062 and 1052812.
86
What is the greatest common factor of 157681 and 1273?
19
Calculate the highest common divisor of 184524312 and 2338.
2338
What is the greatest common divisor of 3007 and 323702?
31
Calculate the highest common factor of 21020205 and 1967.
281
Calculate the greatest c